atest common factor of u and o?
39
Let w = 48 - 37. Suppose -2*t - 26 = -v - w, v - 5*t = 30. Suppose d - 22 = -2*r + 2*d, -v*r + 5*d = -50. Calculate the greatest common factor of r and 204.
12
Let d = -39 - -263. Let t(r) = r**2 - 4*r - 17. Let i be t(9). What is the highest common factor of d and i?
28
Let h = 7846 - -14130. What is the highest common divisor of h and 82?
82
Suppose 74*m - 24269 = 51463 + 63906. Calculate the highest common factor of m and 221.
17
Suppose 7*h - 60896 = -15*h. What is the greatest common divisor of 173 and h?
173
Suppose 0 = -4*j + 2*y - 16, 3*j + y + 12 = 5. Let o be 6/j + -5 - -72. Calculate the highest common divisor of 26 and o.
13
Let r = -8418 - -8877. Calculate the highest common factor of r and 697.
17
Let m = -7 + 8. Let l(c) = c**2 + 5*c - 5. Let q be l(-6). Let j be ((-1)/3 - 16/(-12)) + q. What is the greatest common factor of j and m?
1
Let o = 86 - -154. Suppose 5*a = 3*p - 303, -3*p + 3*a = -p - 201. What is the greatest common divisor of o and p?
48
Let v = 408 + -396. What is the greatest common divisor of 288 and v?
12
Suppose 88271 = -130*b + 295751. Calculate the highest common factor of 84 and b.
84
Let t be 10 - (1 + -1*1). Suppose 17 - 25 = -4*b. Suppose 4*j - 36 = 4*m, j + m = -b + 1. Calculate the highest common factor of j and t.
2
Let u be 0 - 2 - (-20 - 2). Let v(c) = -82*c - 37. Let o be v(-6). Let h = -375 + o. Calculate the highest common factor of u and h.
20
Let u be 8 - (2/3)/(3/(-18)). Let g be ((-152)/(-6))/((16/u)/2). Calculate the greatest common divisor of g and 361.
19
Suppose 6*a - 197 - 49 = 0. Let i = -103 + a. Let p = i + 73. What is the greatest common factor of p and 33?
11
Suppose -248*l = -243*l - 5, 333 = 4*g - 3*l. Calculate the greatest common divisor of 43932 and g.
84
Suppose -x + 140 = -3*k, 0 = -37*x + 40*x - 3*k - 444. Calculate the greatest common divisor of 2622 and x.
38
Suppose 2*a = 3*k + 356, 9*a + 242 = -2*k + 8*a. Let l = k + 134. Suppose 2*b = -4*w + 5*w + 53, 90 = 3*b + 2*w. What is the greatest common factor of b and l?
14
Let y = -44 + 49. Suppose -2*x = -5*c - 31, x - y*c - 23 = -0*x. Let l be 6/x - 9*85/(-20). What is the greatest common divisor of 351 and l?
39
Suppose 3*j - 3600 + 384 = 0. What is the highest common factor of 64 and j?
16
Let a = 312 + -316. Let q be (-402)/a - 68/136. What is the highest common factor of 50 and q?
50
Let o be (3/(-9))/(15/18 - 1). Suppose 438 = 4*u - s, o*u - 228 = -0*u - 4*s. Calculate the greatest common divisor of u and 20.
10
Let g(n) = 40*n**3 + 21*n**2 - 2*n + 8. Let o be g(6). What is the greatest common divisor of 48 and o?
16
Let v(y) = -35*y**3 - 211*y**2 - 14*y - 20. Let b be v(-6). Let z be (-9)/3*(-16)/3. Calculate the highest common divisor of z and b.
4
Suppose -6*m + 386 = 116. Suppose -47*g + m*g - n = -84, 0 = -5*g - n + 216. Calculate the greatest common factor of 418 and g.
22
Let b be 36/(-15) + (-30)/(-75) - -53. Calculate the highest common divisor of 833 and b.
17
Suppose -100*s + 6*s = -22936. Calculate the greatest common factor of 8 and s.
4
Suppose -253*s + 4032 = -244*s. Suppose 0*j + 2*j - 3*c = 140, 3*j + c - 188 = 0. Calculate the highest common divisor of j and s.
64
Let l(x) = -106*x + x**3 + 46*x + x**2 - 10*x**3 - 13 + 58*x. Let n be l(-3). What is the greatest common divisor of n and 35?
35
Let c be -47 - -50 - (-426)/2. What is the greatest common factor of 168 and c?
24
Let x(y) = 3*y**2 + y + 14. Let c be x(-5). Suppose -204 = -p - c. Calculate the greatest common factor of 40 and p.
40
Suppose -3*i - 59 = -74. Let l be i/((4/(-8))/(-1)). Suppose -l = -u - u. What is the highest common divisor of u and 40?
5
Suppose -3*c - c = -28. Let f be (-308)/(-98) + (-1)/c. Let q be (-40)/(-2*(26/8 - f)). What is the greatest common divisor of 10 and q?
10
Let s = -56 - -60. Suppose -5*i + s*l + 693 = -0*i, 3*i + l - 409 = 0. Let q = i + -97. Calculate the greatest common factor of q and 280.
40
Let c = -35508 - -35882. Calculate the greatest common divisor of 3564 and c.
22
Let z be -363*6/(-3) - 1. Let q(w) = -w**3 - 6*w**2 + 40*w + 29. Let c be q(-10). What is the highest common factor of c and z?
29
Let c be 5 + -9 - 32/(-8). Suppose 0*u - 4*a + 84 = u, c = u - 2*a - 90. What is the highest common factor of 220 and u?
44
Let b = 4355 - 4352. Let l = 407 + 76. Suppose b*u = 4*w - l, -w - 4*u = -u - 102. Calculate the highest common factor of 13 and w.
13
Let p be 4/28 - (-720)/252. Let l = 13 + -5. Let x = -2 + l. Calculate the highest common divisor of p and x.
3
Let d = -143 + 148. Let g = 21 + 124. Suppose 145 = 5*s + m, 6*s = s + d*m + g. What is the highest common factor of 29 and s?
29
Let p(z) = 161*z + 1304. Let v be p(-8). Let m = 33 + 47. Let t = -40 + m. Calculate the greatest common factor of t and v.
8
Let m(t) = t**3 - 4*t**2 - 2*t - 5. Let c be m(5). Let z be 8/80 - 7041/c. Let k be z/20*-5*1. Calculate the highest common divisor of k and 11.
11
Let c = -99 - -288. Let n = -138 + c. What is the highest common factor of n and 357?
51
Let v = 41 - 16. Suppose v*y - 7*y = 2880. What is the highest common divisor of 32 and y?
32
Let y be 7 - 19 - (-53 + 11). Calculate the highest common factor of y and 2330.
10
Suppose -3*z + 165 = 4*f, 21*f - 23*f + 75 = 3*z. Calculate the greatest common divisor of 711 and f.
9
Let t be 7 - (-147 + (12 - 8)). Calculate the highest common divisor of t and 18.
6
Let h be (5/1)/5 - -349. Let l = h - 212. Suppose -z + l = 5*z. What is the greatest common divisor of 92 and z?
23
Suppose -37*g + 1351 = -14308 - 155577. What is the greatest common divisor of g and 104?
52
Suppose 63*q - 46*q - 4175 + 401 = 0. What is the highest common divisor of 518 and q?
74
Let o(a) = -a**3 + 47*a**2 - 107*a - 183. Let q be o(44). Calculate the greatest common factor of 7 and q.
7
Let g be (-58)/(-1276) + 172648/176. What is the highest common divisor of 3597 and g?
327
Suppose -4*g = -p + 9449, -2*p - 40*g + 18874 = -45*g. What is the greatest common divisor of p and 1095?
219
Suppose -689*h + 665*h + 1752 = 0. Let g = 772 + 177. Calculate the highest common factor of h and g.
73
Suppose 3*o = -2*o + 130. Let m be 13/((-2)/(-6)*162/378). Calculate the greatest common factor of m and o.
13
Suppose -3777 - 24047 = 2*g - 39*g. Calculate the greatest common factor of 44 and g.
4
Let u be 18 + (2853 + -10 - -9). What is the greatest common factor of 50 and u?
10
Let g(d) = -3*d**2 - 27*d + 47. Let h(i) = -i**2 - 13*i + 24. Let n(m) = -2*g(m) + 5*h(m). Let j be n(8). Calculate the highest common factor of j and 62.
2
Suppose -d - 6*d - 208 = -33*d. What is the greatest common divisor of d and 79?
1
Let u(h) = 10*h**3 - 240*h + 240. Let l be u(1). Calculate the greatest common factor of 31150 and l.
10
Let d(z) = 13*z**2 - 7*z - 6. Let j be d(4). Suppose 0 = -3*m + 138 + j. What is the highest common factor of 26 and m?
26
Let i be ((-1)/(-2))/(19/81510*15). What is the highest common factor of i and 390?
13
Let u be 862/(-12) - 7/42. Let z = u - -100. Suppose -2*k + p + 40 = 0, 0 = -3*k + p + 41 + 20. Calculate the greatest common factor of k and z.
7
Let w(b) = 27*b + 12. Let z be w(7). Suppose 3*k + 11*s - 115 = 15*s, z = 5*k - 2*s. What is the greatest common factor of 41 and k?
41
Let i be (-2 + 88/4)*115/20. Let t = -57 + i. What is the highest common divisor of 522 and t?
58
Let k be (-287*52/182)/((-4)/10). What is the highest common factor of k and 1435?
205
Suppose 13*v + 2551 + 556 = 0. Let j = -209 - v. What is the greatest common factor of j and 60?
30
Let w = -19 + 45. Let n be w/(-2) + 4 + -5. Let t be (-3)/(-6) - 1323/n. Calculate the highest common divisor of t and 19.
19
Suppose 5*h - 9*h + 352 = 0. Suppose 22 = p + 3*a, -3*p - 6 + h = 5*a. Calculate the greatest common divisor of 408 and p.
34
Suppose 3*f + 315 = y, 3*y - 274 = -5*f - 799. Let k = f - -165. Let u(j) = j - 23. Let l be u(47). What is the highest common divisor of k and l?
12
Let z(f) = f**3 - 6*f**2 - 10*f - 6. Let p be z(9). Let m = -980 - -1001. Calculate the highest common factor of p and m.
21
Let s = -1 - -1. Suppose 6*a = -s*a + 6. Let m be 9/(-3) - 75/(-3)*a. What is the highest common factor of m and 2?
2
Suppose -9 + 7 = -2*r, -3*f - 22 = -r. Let c(n) = 